{"id":12628,"date":"2026-03-27T15:23:45","date_gmt":"2026-03-27T15:23:45","guid":{"rendered":"https:\/\/urcemekanik.com\/?page_id=12628"},"modified":"2026-03-30T07:41:39","modified_gmt":"2026-03-30T07:41:39","slug":"yangindan-korunma-sistemleri","status":"publish","type":"page","link":"https:\/\/urcemekanik.com\/index.php\/yangindan-korunma-sistemleri\/","title":{"rendered":"Yang\u0131ndan Korunma Sistemleri"},"content":{"rendered":"\n<p class=\"has-text-color has-link-color wp-elements-6b2f9399579745d53bc7775730f55a5a\" style=\"color:#1d4273\">Urce Mekanik M\u00fchendislik olarak, yang\u0131ndan korunma sistemlerini yaln\u0131zca bir zorunluluk de\u011fil, <strong>hayati bir g\u00fcvenlik unsuru<\/strong> olarak ele al\u0131yoruz. Bu do\u011frultuda, projelerimizde en g\u00fcncel standartlara ve m\u00fchendislik prensiplerine uygun \u00e7\u00f6z\u00fcmler geli\u015ftiriyor; yap\u0131lar\u0131n can ve mal g\u00fcvenli\u011fini en \u00fcst seviyede koruma alt\u0131na al\u0131yoruz.<\/p>\n\n\n\n<p class=\"has-text-color has-link-color wp-elements-34d6f7211795eb5fde019a342036bb99\" style=\"color:#1d4273\">Yang\u0131n alg\u0131lama, sprinkler, yang\u0131n dolaplar\u0131 ve s\u00f6nd\u00fcrme sistemleri gibi t\u00fcm s\u00fcre\u00e7leri; ke\u015fiften projelendirmeye, uygulamadan devreye almaya kadar <strong>u\u00e7tan uca y\u00f6netiyoruz<\/strong>. Her projede, yap\u0131n\u0131n ihtiya\u00e7lar\u0131na \u00f6zel \u00e7\u00f6z\u00fcmler \u00fcreterek maksimum verimlilik ve g\u00fcvenlik sa\u011fl\u0131yoruz.<\/p>\n\n\n\n<p class=\"has-text-color has-link-color wp-elements-920fb23eae2927c0a9c9e2aa07887879\" style=\"color:#1d4273\">\u201c<strong>G\u00fcven veren m\u00fchendislik<\/strong>\u201d anlay\u0131\u015f\u0131m\u0131zla; sadece sistem kurmakla kalm\u0131yor, ayn\u0131 zamanda m\u00fc\u015fterilerimizle uzun vadeli bir <strong>\u00e7\u00f6z\u00fcm ortakl\u0131\u011f\u0131<\/strong> kuruyoruz. Projelerimizin her a\u015famas\u0131nda \u015feffaf, s\u00fcrd\u00fcr\u00fclebilir ve y\u00fcksek kaliteli hizmet sunarak, i\u015f ortaklar\u0131m\u0131z\u0131n g\u00fcvenini kazanmay\u0131 temel ilkemiz olarak benimsiyoruz.<\/p>\n\n\n\n<p class=\"has-text-color has-link-color wp-elements-d63a0c9232919ef4e8595d4035e178a4\" style=\"color:#1d4273\">Urce Mekanik olarak hedefimiz; yang\u0131n g\u00fcvenli\u011fi alan\u0131nda, teknik uzmanl\u0131\u011f\u0131 ve sahadaki uygulama g\u00fcc\u00fc ile fark yaratan, <strong>g\u00fcvenilir ve tercih edilen bir \u00e7\u00f6z\u00fcm orta\u011f\u0131<\/strong> olmakt\u0131r.<\/p>\n\n\n\n<div class=\"wp-block-buttons is-content-justification-center is-layout-flex wp-container-core-buttons-is-layout-a89b3969 wp-block-buttons-is-layout-flex\">\n<div class=\"wp-block-button\"><a class=\"wp-block-button__link has-palette-color-1-background-color has-background wp-element-button\" href=\"https:\/\/urcemekanik.com\/index.php\/teklif-formu-olustur\/\">Teklif \u0130ste<\/a><\/div>\n<\/div>\n","protected":false},"excerpt":{"rendered":"<p>Urce Mekanik M\u00fchendislik olarak, yang\u0131ndan korunma sistemlerini yaln\u0131zca bir zorunluluk de\u011fil, hayati bir g\u00fcvenlik unsuru olarak ele al\u0131yoruz. Bu do\u011frultuda, projelerimizde en g\u00fcncel standartlara ve m\u00fchendislik prensiplerine uygun \u00e7\u00f6z\u00fcmler geli\u015ftiriyor; yap\u0131lar\u0131n can ve mal g\u00fcvenli\u011fini en \u00fcst seviyede koruma alt\u0131na al\u0131yoruz. Yang\u0131n alg\u0131lama, sprinkler, yang\u0131n dolaplar\u0131 ve s\u00f6nd\u00fcrme sistemleri gibi t\u00fcm s\u00fcre\u00e7leri; ke\u015fiften projelendirmeye, uygulamadan [&hellip;]<\/p>\n","protected":false},"author":1,"featured_media":0,"parent":0,"menu_order":0,"comment_status":"closed","ping_status":"closed","template":"","meta":{"footnotes":""},"class_list":["post-12628","page","type-page","status-publish","hentry"],"blocksy_meta":[],"_links":{"self":[{"href":"https:\/\/urcemekanik.com\/index.php\/wp-json\/wp\/v2\/pages\/12628","targetHints":{"allow":["GET"]}}],"collection":[{"href":"https:\/\/urcemekanik.com\/index.php\/wp-json\/wp\/v2\/pages"}],"about":[{"href":"https:\/\/urcemekanik.com\/index.php\/wp-json\/wp\/v2\/types\/page"}],"author":[{"embeddable":true,"href":"https:\/\/urcemekanik.com\/index.php\/wp-json\/wp\/v2\/users\/1"}],"replies":[{"embeddable":true,"href":"https:\/\/urcemekanik.com\/index.php\/wp-json\/wp\/v2\/comments?post=12628"}],"version-history":[{"count":2,"href":"https:\/\/urcemekanik.com\/index.php\/wp-json\/wp\/v2\/pages\/12628\/revisions"}],"predecessor-version":[{"id":12697,"href":"https:\/\/urcemekanik.com\/index.php\/wp-json\/wp\/v2\/pages\/12628\/revisions\/12697"}],"wp:attachment":[{"href":"https:\/\/urcemekanik.com\/index.php\/wp-json\/wp\/v2\/media?parent=12628"}],"curies":[{"name":"wp","href":"https:\/\/api.w.org\/{rel}","templated":true}]}}